i - 8. Calculate the remainder when c(5) is divided by i.
5
Let h be ((-14)/4)/(-7)*8. Suppose h*z = 117 - 33. Suppose 5*g = -31 + 91. Calculate the remainder when z is divided by g.
9
Let w(h) = 1 + 5 + 61*h - 1 - 12*h. Let g be w(-3). Let v = g + 223. What is the remainder when v is divided by 21?
18
Suppose 2*d + 4*j - 8 = 0, 2*d + 2*d = -3*j + 6. Suppose 2*t + 0*t - 8 = d. What is the remainder when ((-48)/(-36))/(t/186) is divided by 16?
14
Let c(i) = -i**3 + 26*i**2 + 57*i - 7. What is the remainder when 78 is divided by c(28)?
15
Let d be (-368)/6*(-1 + (-3)/6). Let y = -55 + d. Calculate the remainder when y is divided by 13.
11
Suppose 0 = 10*t - 9*t. Calculate the remainder when (46 + t)/((-6)/(-3)) is divided by (-20)/(-5)*3/1.
11
Suppose -1 - 19 = 2*u. Let y = -11 - u. What is the remainder when 6 is divided by (y + 3)*(2 - 0)?
2
Suppose 3*a - 5*p - 33 = 0, 2*a - 2*p - 4 = 22. Calculate the remainder when 21 - -1 - (-50 + 46) is divided by a.
10
Let d(f) = -5*f - 3. Let y = 498 - 480. Calculate the remainder when y is divided by d(-2).
4
Suppose -6*f = -f - 2*t - 40, -3*f - t + 35 = 0. Calculate the remainder when 34 is divided by f.
4
Suppose 0 = 2*u + 8, -5*a - u = -5*u - 261. What is the remainder when a is divided by 26?
23
Let v be 7 + 77 - (2 + -6). What is the remainder when (6/(-24))/((-2)/v) is divided by 0/(-2) - (-1 - 4)?
1
Calculate the remainder when (-149)/(-1) + 10*(-8)/(-40) is divided by 9.
7
Let u(i) = -21*i - 230. What is the remainder when 153 is divided by u(-12)?
21
What is the remainder when 263 is divided by 22 - (-2 + (-4)/(-2))?
21
Suppose 2*b = -5*t + 4*b - 18, 0 = -t + b - 6. Calculate the remainder when 3/(18/(-8))*-12 is divided by 10 - (3/(-3) - t).
7
Calculate the remainder when -2*-3*150 - (4 + -1) is divided by 30.
27
Let n(z) = -z**2 - 6*z + 5. Let i be n(-7). Let y = -39 - -65. Calculate the remainder when ((-154)/(-1))/(i - -4) is divided by y.
25
Suppose 5*p = 4*q - 62, 2*p + 2 = 6. What is the remainder when 83 is divided by q?
11
Suppose -2*k + 79 - 228 = -t, 4*t = 3*k + 601. What is the remainder when t is divided by 31?
27
Suppose 2*m + 45 = 7*m. Calculate the remainder when 6 is divided by 2/m + (-136)/(-36).
2
Suppose -230 - 246 = -7*o. Calculate the remainder when o is divided by 23.
22
Suppose -4*j - 2*d + 208 + 850 = 0, 5*d = 15. Calculate the remainder when j is divided by 45.
38
Calculate the remainder when 103 is divided by 18/117 + 93/39*23.
48
Suppose -13*f + 14 + 207 = 0. Suppose 6*p + 1023 = f*p. What is the remainder when p is divided by 24?
21
Suppose 4*g - 38 = -g + 3*m, -3*m + 4 = g. Suppose 5*d - 5*v + 2*v = -g, -d + v - 3 = 0. What is the remainder when 98 is divided by (d - 1) + -11 + 36?
23
Suppose 3*l - 7*l + 124 = 0. Suppose 180 = 73*b - 623. Calculate the remainder when l is divided by b.
9
Suppose 4*b - 21*b = -1207. What is the remainder when 280 is divided by b?
67
Let f be (20/5 + -4)/(-1). Suppose -4*d + 0*d - 16 = 0, -5*i + 5*d + 50 = f. What is the remainder when 18 is divided by i?
0
Suppose -5*i = d - i - 19, d - 2*i - 31 = 0. What is the remainder when d is divided by 6?
3
Let o(j) = -j**3 + 14*j**2 + j. Let i be o(14). What is the remainder when 1 is divided by 6/21 + (52/i - 3)?
0
Suppose -19 = 5*r - 104. Calculate the remainder when 67 is divided by r.
16
Suppose -5*j - 3*f = -3005, -185*j + 187*j - 1193 = -3*f. What is the remainder when j is divided by 38?
34
Suppose -p - 3 - 4 = 0. Let u = p - -19. Suppose 0 = 3*k - 36 - u. What is the remainder when k is divided by 6?
4
Let l(k) = k**3 + 12*k**2 - 4*k + 34. Calculate the remainder when l(-7) is divided by 11.
10
Let o(y) = -11*y + 241. Calculate the remainder when o(-25) is divided by 20.
16
Let k = -83 + 123. What is the remainder when 156 is divided by k?
36
Suppose -4*t = -2*t + 74. Let k = t - -53. What is the remainder when 62 is divided by k?
14
Let w(z) = z**2 - 9*z + 10. Let a be w(6). Let o(v) = -v**2 - 10*v. Let u be o(a). Let m = 24 - u. Calculate the remainder when 28 is divided by m.
4
Let y = -11 + 19. What is the remainder when (224/(-60) - 3/5)*-3 is divided by y?
5
Suppose 5 = -s, 5*u - 4*s - 330 = s. Let v = 23 + u. Suppose 20 = 2*c + 2*c, -4*d = -4*c - v. What is the remainder when d is divided by 14?
12
Let n be 60/(-8)*(-6)/9. Suppose 0 = -2*z + 3*t + 16, -n*t - 25 + 2 = -3*z. Let m = -39 - -70. Calculate the remainder when m is divided by z.
9
Let d(u) = 12*u - 42. Calculate the remainder when d(8) is divided by 13.
2
Suppose -2*n - 23 + 129 = 0. Suppose -q + 8*q - 497 = 0. Suppose 269 = 11*c + q. Calculate the remainder when n is divided by c.
17
Suppose 4*c - 12*u + 8*u - 4 = 0, 5*c - 45 = -5*u. Calculate the remainder when 79 is divided by c.
4
Suppose 2258*p + 270 = 2264*p. Calculate the remainder when 107 is divided by p.
17
Let w(s) = s. Let x(r) = -13*r**2 - 6*r. Let t(v) = -5*w(v) - x(v). Calculate the remainder when t(2) is divided by 14.
12
Let u = -60 - -89. Suppose 5*n = -3*r + 35, r - 7*n + 8*n - 11 = 0. Calculate the remainder when u is divided by r.
9
Let n(w) = w**3 + 19*w**2 + 11*w + 9. Let d be n(-18). Suppose -2*q + q = -d. Calculate the remainder when q is divided by 34.
33
Let m(q) = -2*q + 123. Calculate the remainder when m(27) is divided by 6.
3
Suppose -3*z + 195 = -y - y, z = y + 64. Calculate the remainder when 197 is divided by z.
63
Suppose -2*a = -l + 2*a - 13, -3*l - 2*a = 95. Let g = -16 - l. What is the remainder when 49 is divided by g?
10
Let f = 174 + -163. Calculate the remainder when 23 is divided by f.
1
Suppose 74 = 3*l + 4*m, 134 = -21*l + 26*l + 4*m. Calculate the remainder when 87 is divided by l.
27
Suppose -399 - 35 = -7*m. What is the remainder when 81 is divided by m?
19
Let d = 318 - 127. What is the remainder when d is divided by 24?
23
Let l = -156 - -177. What is the remainder when 66 is divided by l?
3
What is the remainder when 47 is divided by 171/(-76)*64/(-6)?
23
Let g(i) = -i**3 - 4*i**2 - 3*i + 12. What is the remainder when g(-4) is divided by 13?
11
Suppose -5*k - 5 = -50. Suppose -k*t + 6*t + 285 = 0. Calculate the remainder when t is divided by 24.
23
Let u = -194 + 392. Let t = 207 - u. What is the remainder when (-103)/(-4) + 2/8 is divided by t?
8
Let w = -71 - -55. Calculate the remainder when 27 is divided by (-150)/(-14) - (w/(-7))/(-8).
5
Let f be ((-125)/(-50))/(((-6)/4)/(-3)). Let n = f + 17. Calculate the remainder when n is divided by 13.
9
Suppose -24 = -4*t + 4. Let x = 21 - 6. Suppose -5*f + x = -f - u, -3*u - 9 = -3*f. Calculate the remainder when t is divided by f.
3
Let w be ((-9968)/(-9))/(-2) + 4/(-18). What is the remainder when 1/(24/108 + w/2574) is divided by 12?
11
Let x be ((-2)/(-6))/((-2)/6). Let l be -23 + (3 - x)/2. Calculate the remainder when 13 is divided by 3/l - (-144)/28.
3
Let z = 169 - 98. Suppose -x - 2*h + 68 = 0, -3*h - 2*h + z = x. Let r(w) = w**3 - 7*w**2 + 9*w - 1. Calculate the remainder when x is divided by r(6).
15
Calculate the remainder when (-26 - -59)/((0 + -2)/(-2)) is divided by 18.
15
Suppose -2*d + 6 = -3*n - 4, d - 5 = 0. Suppose 3*t - 48 = -n*t. What is the remainder when 93 is divided by t?
13
Suppose 4*l - 2*u + 2594 = -1102, l = u - 924. Calculate the remainder when (-4*3/(-14))/((-22)/l) is divided by 3.
0
Calculate the remainder when 371 is divided by 2*-3*(-203)/42.
23
Suppose 5*q - 3*p + 9 = 0, 2*p - 15 = -3*p. Suppose 12*o - 7*o - 75 = q. Suppose 3*z = o, -2*z - 2 = k - 5*z. What is the remainder when 33 is divided by k?
7
Let i(v) = -1 + 3 - 33*v - 1. Suppose -f + 24*f + 69 = 0. What is the remainder when i(f) is divided by 34?
32
Let o = 66 - 69. Suppose -w + 5*t + 56 = 0, 4*w - 7*w + 179 = -4*t. What is the remainder when w is divided by o/(12/(-80)) + 1?
19
Let r(a) = 63*a**2 - a. Calculate the remainder when r(1) is divided by 7050/376 - (-44)/(-16).
14
Suppose 0 = w - 91 + 43. Calculate the remainder when w is divided by 1.
0
Suppose -9*o + 32 = 7*o. Suppose q - 47 = -2*k, 5*q + 64 = k + o*k. What is the remainder when 1 - (1 - 2 - 64) is divided by k?
20
Suppose -2 = -2*y + 4. Suppose 4*h - 9 = -w, h + 4*w + 3 = -2*h. Suppose -h*o + 38 - 14 = 0. What is the remainder when o is divided by y?
2
Calculate the remainder when ((-12)/(-4) - -18) + -3